e -60*n = -64*n + 4*b + 11668, -n + 5*b + 2905 = 0. What are the prime factors of n?
2, 5, 73
Let t(r) = -435*r - 2090. What are the prime factors of t(-95)?
5, 7, 19, 59
Let o(y) = -11*y + 13. Let v(k) = -12. Let c(g) = -5. Let z(s) = -5*c(s) + 2*v(s). Let f(j) = -o(j) + 3*z(j). What are the prime factors of f(14)?
2, 3
Let c be 3/(-3 + 9)*14. Suppose -4*d + 456 = -c*d. Let y = -69 - d. What are the prime factors of y?
83
Let i be 122*(60/(-6))/(-5). Suppose -3*b + i = b. What are the prime factors of b?
61
What are the prime factors of -1 + 3 + (-12)/24*-78650 + 3?
2, 3, 5, 19, 23
Let r(c) = -30*c - 7. Let d be r(-4). Let x = -7 + d. What are the prime factors of x?
2, 53
Let m = 80 - -4649. What are the prime factors of m?
4729
Let b(i) = 3*i**2 - 2*i + 3. Let n be b(2). Let j(o) = 20 - n*o - 1 + 3*o**3 + 14*o**2 - 5*o**3 + o**3. What are the prime factors of j(13)?
3, 5
Let f(a) = -2*a**2 + 9*a - 1. Let g be f(4). Suppose -g*d - 16 = -28. Suppose d*y - 392 = 4*u, 3*y = -3*u - 44 + 332. List the prime factors of y.
97
Let n = 12 - 8. Suppose -16 = 4*l, -n*l = 5*o - l - 2228. List the prime factors of o.
2, 7
Suppose 5*v + 25 = -0*v. Let f be (v + 5)*(-1)/(-2). Suppose f = -6*k + 3*k + 69. List the prime factors of k.
23
Let z = -107016 - -158824. List the prime factors of z.
2, 1619
Suppose 464*t - 496*t = -773120. What are the prime factors of t?
2, 5, 151
List the prime factors of 4947 - ((-6 - -7) + 10).
2, 617
Let p(r) be the third derivative of 7*r**5/60 + r**3/3 + 19*r**2. Let k be p(-3). Suppose 2*l - 7*l + k = 0. List the prime factors of l.
13
Let o = 2224 + 966. List the prime factors of o.
2, 5, 11, 29
Let l = -93 - -98. Suppose l*i = 4*i + 2. Let o(d) = 41*d**2 - 4*d + 11. What are the prime factors of o(i)?
167
Let v = 1832 + 4020. What are the prime factors of v?
2, 7, 11, 19
Let k(l) = 67*l**3 + l**2 - l. Let r be k(1). Let c = -85 + r. What are the prime factors of (-1 - -3)/((-2)/c)?
2, 3
Let p be 78*(3/(-3) + 11). Let x = p + -196. Suppose 2*q = -6*q + x. What are the prime factors of q?
73
Suppose -4*z = -4*u + z + 47, -70 = -5*u - 5*z. Suppose 11*q - u*q = -4. Suppose a = q*a - 8. List the prime factors of a.
2
Let n(t) = 552*t + 1898. What are the prime factors of n(14)?
2, 4813
Suppose -11 = -5*f + 4. Suppose i - 6*i - 121 = -f*x, 4*x + 64 = -2*i. Let t = i - -35. What are the prime factors of t?
3
Let z be 0 + 40082 + (2 + -3 - 4). What are the prime factors of (-2)/(-9) - (11 + z/(-81))?
2, 11
Let f = -290 - -465. Suppose 3*h = f + 845. List the prime factors of h.
2, 5, 17
Let c(x) = -11*x - 85. Let i be c(-23). Suppose i = 4*t + 8*z - 3*z, 16 = -4*z. List the prime factors of t.
47
Let b(j) = 3*j**2 - 32*j + 42. Let r be b(9). Let s(m) = -21*m**3 + 15*m**2 + m + 3. List the prime factors of s(r).
2, 3, 13
Suppose b + 7 - 21 = 0. Let k be (-126)/36*(-24)/b. Suppose -2*q = -4*m + 2*q + 48, k = m + q. List the prime factors of m.
3
What are the prime factors of 4317 + (-2 - 15) - 10?
2, 3, 5, 11, 13
Let f(n) = 2*n + 3. Let x(g) = 2*g + 4. Let t(j) = 4*f(j) - 3*x(j). Let h = -8850 + 8852. List the prime factors of t(h).
2
Let m(a) = -722*a + 2045. What are the prime factors of m(-16)?
13597
Let t = 31 - 3. Suppose 2*x - 138 + t = 0. Let g = x + -52. What are the prime factors of g?
3
Let t be 36/(-6) - 2*-2*1. List the prime factors of t + (-675)/(3 + -6).
223
Let u(y) = y**2 + 2*y + 22. Let p be u(0). Let t = p - 13. Let h(f) = -f**3 + 10*f**2 + 9. List the prime factors of h(t).
2, 3, 5
Suppose 175*u - 3486088 + 961452 - 1762339 = 0. List the prime factors of u.
11, 17, 131
Suppose -8*u + 7*u = -2*d + 772, -3*u + 5*d - 2313 = 0. Let q = u - -1091. What are the prime factors of q?
5, 13
List the prime factors of (((-495)/(-44))/9)/(1/2896).
2, 5, 181
Let j be (-48)/10*(-1210)/44. Suppose 34612 = -j*s + 149*s. What are the prime factors of s?
2, 509
Let g(r) = -1949*r - 979. List the prime factors of g(-11).
2, 3, 5, 11, 31
Let o(a) = a**3 - 3*a**2 + 3*a. Let q be o(2). Suppose -4*k + 3*v - 2533 = 0, -4*k + 229 = -q*v + 2767. List the prime factors of k/(-14) + (-3)/(-2).
47
Let d(v) = -v + 10. Let h = 13 - 27. Let s be h/6 - (24/(-18) + 2). What are the prime factors of d(s)?
13
Suppose 0 = -5109*q + 5113*q - 46096. What are the prime factors of q?
2, 43, 67
Suppose -2*b = -p + 5, -4*p + 9*p - 25 = 3*b. Suppose b = -5*l - 87 + 542. Suppose -l = -3*h + 23. What are the prime factors of h?
2, 19
Let o(b) = -b**3 - 5*b**2 + 10*b + 27. Let c be o(-6). Suppose 0*m - 556 = -3*m - 5*f, -c*m + 546 = 3*f. What are the prime factors of m?
3, 59
Let w(f) = -25*f + 185. Let o be w(7). Suppose -544 = -o*h + 2876. List the prime factors of h.
2, 3, 19
Let u(d) = 24*d**2 - 7*d + 65. What are the prime factors of u(8)?
3, 5, 103
Suppose -620 = 8*r - 4*r. Let g = 343 + -606. Let z = r - g. What are the prime factors of z?
2, 3
Let f = 160 - 160. Suppose -2*b = -f*b - 670. What are the prime factors of b?
5, 67
Let y be (-24 + -60)*26/6 - 4. Let q = 613 + y. What are the prime factors of q?
5, 7
Let v = -2576 - -11415. List the prime factors of v.
8839
Let l(x) = 37*x + 355. What are the prime factors of l(0)?
5, 71
Suppose -2*g + 78046 = -w, 30*g - 39028 = 29*g + 3*w. List the prime factors of g.
2, 109, 179
Suppose -6*x + 1472 = 2*v - 4*x, -4*x = -4*v + 2976. Let u = v - 521. What are the prime factors of u?
3, 73
Suppose 0 = 5*h - 10*h + 25. Suppose -3 = -4*a + h. Suppose a*x - 157 - 233 = 0. List the prime factors of x.
3, 5, 13
Suppose -8489 - 12688 = -14*i + 13277. List the prime factors of i.
23, 107
Suppose 0 = -197*d + 707490 + 62583. What are the prime factors of d?
3, 1303
Suppose 3*x + 2 = x. Let j(n) = -75*n + 7. Let y(b) = 148*b - 14. Let h(o) = -7*j(o) - 4*y(o). What are the prime factors of h(x)?
2, 37
Suppose -24892 = 16*k - 141756. What are the prime factors of k?
2, 11, 83
Suppose 0 = -3*b - 0*b - 354. Suppose -3*w + 653 = 3*z - 5*z, -3*z = 2*w - 418. Let c = b + w. What are the prime factors of c?
97
List the prime factors of 17252 - ((-174)/27 + 32/72).
2, 8629
Suppose o + 12 + 20 = 0. Let b be o/(-18) - 28/(-126). Suppose 3*p = -b*p - 25, 3*p = -4*w + 189. List the prime factors of w.
3, 17
Let h(l) = -4*l**2 - 25*l - 2. Let n be h(-6). Suppose -4*w + n + 12 = 0. List the prime factors of w + (4 - (-1 - 16)).
5
Suppose 18*u - 36 = 14*u. Let s = 168 - u. Let f = s + -40. What are the prime factors of f?
7, 17
Let x = -314 + 1028. Suppose -5*w = -25, p + 3*w - x = -2*w. What are the prime factors of p?
13, 53
Let t(o) = o**3 + 64*o**2 - 209*o + 91. What are the prime factors of t(-35)?
7, 6133
Let k(v) = 42*v**2 - 9*v + 10. Let u be k(5). Let q be u + (0*2/8)/(-2). Suppose q = 10*n - 3*n. What are the prime factors of n?
5, 29
Suppose 7*q = 2*q - 0*q. Suppose 2*l + q*l - 4*s = 72, 4*l - s - 151 = 0. Suppose 0 = -5*n + l + 42. What are the prime factors of n?
2
Suppose 0 = 54*c - 409235 - 368311. What are the prime factors of c?
7, 11, 17
Let b(z) = 127*z**3 + 70*z**3 - 4 - 4*z + 6 - 2*z**2 + 3*z. What are the prime factors of b(1)?
2, 7
Suppose -5*r + 3930 = -2*t, 0*r + 3*t - 1553 = -2*r. Let k = r + -279. List the prime factors of k.
5, 101
Let h be ((-12)/(-10))/3 - 6732/(-45). Suppose 0 = -4*f - 1086 + h. Let o = f - -341. What are the prime factors of o?
107
Let c(n) = 649*n + 1034. What are the prime factors of c(14)?
2, 5, 11, 23
Suppose 0 = 33*w - 6361 - 4694. Let m = -18 - -30. Suppose 7*q = m*q - w. What are the prime factors of q?
67
Suppose 2*g = -3 - 13. Let x(o) = o**2 + 8*o - 9. Let y be x(g). Let k(n) = -3*n**2 - 31*n - 1. What are the prime factors of k(y)?
5, 7
Suppose 1 = -4*h - 3. Let y(k) = -k + 1. Let f be y(h). List the prime factors of 10*57/12 - 1/f.
47
Suppose -2*o + 539 = 4*y - 3*o, o - 136 = -y. Let a = y + 271. What are the prime factors of a?
2, 7, 29
Suppose -5*p + 10*p + 5*b = 20, -b = 4*p - 4. Suppose -5*s + 4*n - n + 477 = p, -3*s + 286 = -2*n. What are the prime factors of s?
2, 3
Suppose 3320 + 1846 = -41*h. List the prime factors of (-6*52/(-36))/((-3)/h).
2, 7, 13
Let s(q) = -8*q - q + 7*q - 7. Let g(c) = -c**3 + 8*c**2 - c - 9. Let n be g(8). What are the prime factors of s(n)?
3
Let w be 5*(-20)/(-25)*(-4)/8. Let p be ((-5)/(-2))/((-1)/(-6)). Let f = p + w. List the prime 